057239 = 1770*q. Is q a prime number?
False
Suppose -5*o + 5 = -4*h, 4 = 4*o + 16. Let m = h + 7. Suppose m*d = 4 + 22. Is d a prime number?
True
Let f = 713 + -548. Let x = 8 - 4. Suppose 0 = -l - 4*l - 4*k + 945, x*k = l - f. Is l composite?
True
Suppose -77795 + 13277 = -6*i. Is i a prime number?
True
Let b(k) = 2*k**3 + 8*k**2 - 12*k + 1. Let y(j) = j**3 + 9*j**2 - 13*j + 1. Let s(q) = -6*b(q) + 5*y(q). Is s(-6) prime?
True
Let j = -134 - -234. Let z = j + 209. Is z composite?
True
Let d(q) be the second derivative of q**5/30 + 19*q**4/24 + 3*q**2 - 7*q. Let l(w) be the first derivative of d(w). Is l(-13) prime?
False
Let l(b) = 2*b**2 - 15*b - 15. Suppose r + 3*m - 4*m - 8 = 0, 0 = -3*r - 3*m + 48. Is l(r) composite?
True
Let k be 2 + 0/(0 - -2). Suppose 7*p - k*p - 30 = 0. Suppose -p*n + 2*n = -332. Is n composite?
False
Let l(q) = 6*q + 2 - 5 - 5 + 9*q. Is l(10) a prime number?
False
Suppose 5*y = 3*w - 953, 1601 = w + 4*w - 2*y. Is w a prime number?
False
Let z = 101 - 95. Is 15/z + -2 + 98945/10 composite?
True
Let d(i) = -109*i**3 - 7*i**2 - 11*i - 12. Is d(-3) prime?
False
Let s(g) = -4*g**2 - 2*g + 6*g**2 + 10*g**3 + g + 17*g**3 + 3. Let a be s(3). Is a/(-6)*2/(-3) composite?
False
Let g = 30714 + -20843. Is g prime?
True
Is 5 - 83/(-3*5/450) a prime number?
False
Let u(x) = 999*x**2 - 2*x + 3. Let i be u(2). Suppose -6*p + p = -i. Is p composite?
True
Let b be 2/(-3) - 201/9. Let k = 438 + -516. Let m = b - k. Is m a prime number?
False
Let n be (-2 - -5)/((-6)/(-10)). Suppose 2*p = -n*j + 62, -3*j + p = -12 - 23. Suppose j*q - 4355 = 7*q. Is q a prime number?
False
Let m = 1793 + -1050. Suppose m + 2710 = 3*o. Is o prime?
True
Suppose 0 = 9*k - 6*k - 5931. Is k prime?
False
Let i(p) = -40*p - 1. Is i(-5) a prime number?
True
Let j(h) = -1059*h**3 + h**2 - 2. Let g be j(-2). Let z = -165 + g. Is z composite?
True
Let s = -17 - -27. Suppose -2*j - 2*m - s = 3*j, -2*j + m = 4. Is (-5 - -3 - -165) + j a prime number?
False
Let z = 356 + 8. Let r = z + -53. Is r a prime number?
True
Let z be (-4 - -2)/(-2) - (-2 + 183). Let w = z - -439. Is w a prime number?
False
Suppose 24 = 3*d + 4*s, -3*d - d + 2*s + 32 = 0. Is 5128/(-12)*(-12)/d composite?
False
Let c(o) = -o**3 - 16*o**2 + 15*o - 36. Let x be c(-17). Let v(p) = -88*p + 1. Is v(x) a prime number?
False
Let n(p) = 7*p**2 - 4*p - 9. Is n(-28) prime?
True
Is 2682585/20 - ((-9)/12 - -1) a composite number?
False
Suppose -p - 32720 = -3*y + p, -3*p + 21822 = 2*y. Suppose 4*q = -i + 2713, 4*i + 0*q + 2*q = y. Is i a composite number?
False
Let u(s) = -s**3 + 7*s**2 - 7*s + 4. Suppose 13 + 17 = 5*h. Let l be u(h). Is l/5 - 3324/(-60) a prime number?
False
Let m be -5 + 1 + 4 + -30. Let j = m - -35. Suppose p + 3*y = -2*p + 381, j*y = -2*p + 254. Is p prime?
True
Suppose -16*d + 20*d - u = 136127, -34046 = -d + 5*u. Is d prime?
True
Let a be 2 + (-10)/(-6 + 1). Suppose q - a*q = -861. Is q a prime number?
False
Let s(k) be the second derivative of -k**3/2 + 2*k**2 + 4*k. Let w be s(3). Is (-393)/(-5) + (-2)/w prime?
True
Let d = 11 - 8. Let g be (d/12)/(3/36). Suppose -y + 138 - 5 = -g*b, 10 = -5*b. Is y prime?
True
Let o be 210054/30 - (-1)/(-10)*-2. Suppose 2*r = -4*n - 0*r + 9338, -r = 3*n - o. Is n prime?
True
Let q(a) = 90*a + 41. Is q(5) a prime number?
True
Suppose 4*m - 2*m - 874 = 0. Suppose -4*g = -m - 2291. Let v = g - 471. Is v composite?
False
Suppose -4*m + 26697 = 5*c, 4*m - 5*c - 23543 = 3144. Is m a prime number?
True
Suppose i + 3*k + 31 = 7, 2*k = 4*i + 26. Let u be (i + -472)*(-1)/1. Suppose -u = -3*a - p + 3*p, -4 = 2*p. Is a composite?
True
Let o(t) = -17*t + 11. Let j(l) = -9*l + 6. Let u(n) = 7*j(n) - 4*o(n). Let z be u(-4). Let b = z + 56. Is b a composite number?
True
Let g(q) = -q**2 + 6*q + 2. Let d be g(6). Let w(h) = -6 + 0*h**2 + 9*h - h**d + 3 + 3*h**2. Is w(-14) prime?
True
Let k(u) = 6*u**3 + u - 1. Let d be k(1). Let r(t) = 7*t**2 + 5*t + 1. Let p be r(3). Suppose -5*j = -d*j + p. Is j prime?
True
Let r = 6 - 4. Suppose -r*q - 4*y = -q - 12, 2*y = 3*q + 6. Suppose 5*n = -5*b - q*n + 205, 0 = 3*b - 2*n - 103. Is b composite?
False
Suppose -2*w + 3*q = -3*w + 27, -2 = -w + 2*q. Suppose -4*k + k = w. Is k/6 + 3286/6 a prime number?
True
Suppose -h + 2*h = -2*u + 1556, -2*h - 1556 = -2*u. Suppose -2*p + u = 7*l - 2*l, -3*p - 5*l + 1167 = 0. Is p composite?
False
Let z be ((-27)/6 + 4)*-6. Suppose 5*c + 47 = -4*f + 178, 0 = -z*f - 4*c + 97. Is f a prime number?
False
Let t(s) = 193*s**2 + 37*s - 193. Is t(22) composite?
False
Let t = -205 - -351. Let o = t - -161. Is o a prime number?
True
Let p(l) = -119*l + 327. Is p(-40) prime?
True
Let a(t) = 134*t + 28. Let r(q) = -67*q - 14. Let c(j) = 4*a(j) + 9*r(j). Let w(m) = 6*m**3 + m**2 - m - 1. Let b be w(-1). Is c(b) prime?
False
Suppose -62 = -5*i - 4*m, 3*m = 4*i - m - 28. Let x(k) = 45*k - 13. Let a be x(i). Suppose -5*y + 1261 = 3*u - a, -2*u = -2. Is y composite?
True
Let s = -23 - -32. Suppose -5641 = -s*x - 124. Is x composite?
False
Suppose 2*k = 3 + 11. Let b = k - 13. Is 8/4 + b + 227 a prime number?
True
Suppose 2*o - 20 = -3*o. Suppose -5*w - 3*h = -w - 1819, -3*w + 1359 = o*h. Is w prime?
True
Suppose -2*o = -3*o + 3475. Let h be (16/10)/((-10)/o). Let r = h + 953. Is r a prime number?
True
Suppose 5*h + 61 = 2*k, h + 3*h - 80 = -4*k. Let g = k + -14. Let q = g + 322. Is q prime?
True
Suppose 17 = 5*n - 18. Suppose -2*v = 10, 3*v = 4*k - 32 - n. Let a = 13 - k. Is a a composite number?
False
Let t(l) = -l + 4. Let y be t(-8). Suppose y = -2*m - 0*x - 4*x, -4*m + x = -3. Suppose m*j = 6*j - 204. Is j a prime number?
False
Let x = 37 - 25. Suppose 14*s = x*s + 34. Let w(a) = a**3 - 17*a**2 + 22*a + 5. Is w(s) a prime number?
True
Suppose -37*v + 5030 = -27*v. Is v composite?
False
Let m = -27 + 904. Is m prime?
True
Suppose -o - 5*h = -32223, -2*o - 16522 = -4*h - 80996. Is o prime?
True
Suppose 0 = 4*g - 9*g. Suppose 2*x + 0*x = g. Suppose m + 3*o = x, -2*m + o + 21 = -0*o. Is m a prime number?
False
Suppose 38*l = 43*l - 21355. Is l prime?
True
Let d(c) = -22*c**2 + 21*c + 6. Let m(y) = -66*y**2 + 64*y + 18. Let q(w) = 7*d(w) - 2*m(w). Let n(f) be the first derivative of q(f). Is n(-9) composite?
True
Let l = -76300 + 114389. Is l a composite number?
True
Let b be (1262/(-6))/(5/(-45)). Suppose 0 = -6*m + b + 1761. Is m/2*2/3 composite?
True
Let f = 75 + -12. Let m be -2 + 16/10 - (-8)/20. Suppose -2*t - z = -f, m*t = t - 2*z - 29. Is t a composite number?
False
Let s(p) = 575*p**3 + p**2. Suppose -2*z + 3 = 2*z - l, -3*z - 5*l = -8. Let j be s(z). Is -1 - j/(-4 - -1) a prime number?
True
Let v be 7791/14*(2 + 10/(-3)). Let w = 1365 + v. Is w a composite number?
True
Let d = 1033 - 614. Is d a composite number?
False
Suppose -4*l + 7*l = 54. Let o = 53 - l. Is o composite?
True
Let n(t) = 4291*t**2 + 19*t + 79. Is n(-4) a prime number?
True
Suppose 0 = -3*r - 14*w + 19*w + 120739, 40237 = r - 4*w. Is r composite?
False
Let h(o) = -4*o - 5. Is h(-41) a prime number?
False
Is ((-4008)/18)/(-2*(-4)/(-12)) prime?
False
Let s = -5496 + 16693. Is s prime?
True
Suppose -34*t + 27464 = -437758. Is t a prime number?
False
Let y be 44 + 2/1 - (-1 - 3). Suppose 23545 = y*r - 45*r. Is r prime?
False
Suppose -56*b = -44*b - 49692. Is b composite?
True
Suppose -538 = 3*x - 3517. Let o(w) = w**2 + w. Let d be o(-2). Suppose -d*g = g - x. Is g a composite number?
False
Let u(v) = 675*v**2 + 3*v + 1. Is u(-1) a composite number?
False
Suppose 85*h - 86*h + 991 = 0. Is h composite?
False
Suppose x + 0 = 5. Suppose 0*v + x*v - 9 = 2*h, 4*h = 4*v - 24. Is 89 + 0 - (h + 9) prime?
False
Suppose -8*a + 28 = -a. Suppose -y + 629 = -3*x, a*y - 2421 = -x + 147. Is y a composite number?
False
Let c(m) = 638*m - 21. Is c(4) a prime number?
True
Let r be (-1 - (3 + (-3 - 4)))*105. Let w = r + 64. Is w composite?
False
Let j be (-2 + 21/(-9) - -2)*15. Suppose 431 = 5*o - 359. Let v = j + o. Is v a prime number?
False
Let a = -5268 + 10435. Is a a prime number?
True
Let s be (2*-2)/(3/((-63)/(-14))). Is 2*(-21)/14*662/s a prime number?
True
Let p(a) = -12*a**3 - 2*a**2 + 5. Let t be p(-5). Let c = -868 + t. Is c a composite number?
False
Suppose 4*p + 4*m = 21084, -9219 - 17144 = -5*p - m. Is p a prime number?
True
Let a(t